0/(7 - 3). Let x be 49/v*-10 - (0 + -3). Let j = 101 + -82. What is the highest common factor of x and j?
19
Let g = 1672 + -1630. Calculate the greatest common factor of 2289 and g.
21
Let y be (-240730)/(-456) + (-2)/(-24). Let l(f) = f**3 + 2*f**2 - 31*f - 9. Let h be l(-6). What is the highest common divisor of h and y?
33
Let c(s) = 3*s**2 - 35*s + 192. Let n be c(42). What is the highest common divisor of 18 and n?
18
Let c(t) = 497*t**2 - 1. Let d be c(1). Let k be (15 - (-6 - -11)) + 6. Calculate the greatest common factor of d and k.
16
Suppose -q + 4*h = -172, 2*q + 62*h - 67*h = 368. Calculate the highest common divisor of q and 4012.
68
Let s = 0 - -21. Let d(k) = 281*k - 32031. Let p be d(114). What is the highest common factor of s and p?
3
Let p(n) = -19*n - 53. Let k be p(-5). Suppose -k*d + 15*d = -1944. Suppose 2*b + 3*b = 80. Calculate the highest common divisor of d and b.
8
Let m(g) = -78*g**2 - 3*g + 3. Let a be m(1). Let s = a - -104. Calculate the greatest common factor of s and 195.
13
Let o = 48 - 43. Suppose 0*r + 5*r - 235 = -o*d, 0 = -4*r + 12. Suppose 0 = 4*b + 19 - 1427. What is the highest common divisor of d and b?
44
Let x be 436/18 + 4/(-18). Let r(u) be the first derivative of u**3/3 - 9*u**2 - 43*u + 115. Let o be r(23). Calculate the highest common factor of o and x.
24
Let k(m) = 9*m**2 + 3*m. Let b be k(7). Let t = 3769 - 3748. What is the greatest common divisor of t and b?
21
Suppose 0 = -205*k + 198*k - 154. Let s be 4*(-77)/k*5/2. Suppose 80 = 2*l + 2*l. Calculate the highest common factor of s and l.
5
Suppose 24 = 5*j - 2*j. Suppose -3*v + n - 746 = v, -4*v + 2*n = 744. Let t = v + 207. Calculate the greatest common factor of t and j.
4
Suppose -5*z + v = -756, 112*z - 107*z - 3*v - 768 = 0. Calculate the highest common divisor of 3510 and z.
30
Let i(x) = 17*x**2 - 7. Let k be i(-3). Suppose 10*j - 164 - k = 0. What is the highest common divisor of j and 279?
31
Suppose -2*k + 5*m - 257 + 1039 = 0, -4*m = 24. Calculate the greatest common divisor of 20492 and k.
188
Let t = 1300 - 1245. Suppose -4*o - o = -55. Let r = 16 - o. What is the highest common factor of r and t?
5
Let k(w) = w**2 + 5. Let b be k(-4). Let j(p) = 4*p**2 + 24*p + 293. Let z be j(-8). What is the greatest common factor of z and b?
21
Let a be 1/(-4) - -181*(-1)/(-4). Let i = -47 + a. Let k = i - -4. Calculate the greatest common divisor of 14 and k.
2
Let t(q) = -45*q + 1. Let d be t(-1). Let i be 1*5 - 7/(-21)*-9. Suppose -6 = 2*s + 2, -i*l + 5*s + 66 = 0. What is the greatest common factor of l and d?
23
Let f be 1*75 + 30/45*9/6. What is the highest common divisor of 1843 and f?
19
Let d(h) = -2*h**2 - 45*h + 1572. Let c be d(-41). Calculate the highest common factor of 3487 and c.
11
Let b(j) = 11*j**2 - 32*j - 279. Let u be b(11). What is the highest common factor of u and 644?
28
Let m(k) = k**2 - 30*k - 94. Let t be m(33). What is the highest common divisor of t and 20?
5
Let c = 8168 + -1766. Calculate the highest common factor of c and 1455.
291
Let c = -5 - -8. Let a(d) = -2*d**3 - 14*d**2 - 4*d - 13. Let h = -361 - -354. Let x be a(h). Calculate the highest common factor of x and c.
3
Suppose 4*x = -16, r = -4*r + 2*x + 1728. Let n = 313 + r. What is the greatest common factor of n and 18?
9
Suppose -2840 + 3589 = -32*a + 9933. What is the greatest common divisor of a and 779?
41
Suppose -3*a = -4*i + 220, 34*i + 3*a = 42*i - 464. What is the highest common factor of 1525 and i?
61
Let o = -1367 + 1436. Calculate the highest common divisor of o and 6739.
23
Suppose -2*p - p - 88 = 4*u, 5*p = -2*u - 156. Let j be 1*(-6 + 4)*p. What is the greatest common divisor of 352 and j?
32
Let l(x) = -x**2 + 103*x + 1340. Let u be l(108). What is the greatest common divisor of 25 and u?
25
Let t be 66 - ((-20)/6)/((-24)/(-36)). Suppose -l = 2*h - 18, 0 = -4*l + 5*h + 27 + t. Calculate the highest common factor of l and 11.
11
Let k = 1067 - 1052. Suppose 2*b + 45 = 7*b. What is the highest common factor of b and k?
3
Suppose h = -3*u + 157, -2*u + 114 = -5*h + 15. Suppose -u*a = -57*a + 20. Calculate the greatest common divisor of 4 and a.
4
Let p(n) = n**3 + 6*n**2 - 17*n - 6. Let i be p(-8). Suppose -i*y + 36 = 492. Let k be (-1)/4 - y/16. Calculate the highest common factor of 154 and k.
14
Let w be (5 + -3)/((-1)/(-12)). Let a = -1051 - -1487. Let j = a - 433. What is the highest common divisor of j and w?
3
Suppose 3*g - 6 = 0, 474 = -d + 3*d - 3*g. Let r(t) = -t**2 + 30. Let k be r(0). What is the highest common factor of k and d?
30
Let x = -3626 + 3640. Calculate the highest common divisor of x and 1078.
14
Suppose 4*i + 17 = 233. Suppose -4*k - 2*g = -440, 20 = 19*g - 14*g. What is the highest common divisor of k and i?
54
Let v(f) = 68*f**2 - 4*f - 2. Suppose -2*i + 8 = 3*a - 2, -a - 1 = 5*i. Let s be v(i). What is the greatest common divisor of s and 14?
14
Let j(w) = w**3 - 8*w**2 - 3*w - 51. Let k be j(9). Let h be (-244)/(-6) + (-2)/3. Suppose -k*q + h = -q. Calculate the highest common divisor of 40 and q.
20
Let s(h) = 70*h**2 + h + 1. Let g be s(1). Suppose g = 2*x + x. Let y be x/(-6) + 3 - (0 - 18). Calculate the highest common divisor of y and 34.
17
Let u = -568 + 572. Suppose -66 = -u*m - c, -6*c = -5*m - 4*c + 76. Calculate the greatest common factor of 20 and m.
4
Let u be 6/9 + 16/3. Let w(m) = -m - 8. Let f be w(-4). Let n be 1 + 294/9 + f/u. What is the highest common factor of n and 264?
33
Suppose 61*g = 60*g + 67. Let i = -13 + g. Suppose -3*m = -41 - 13. Calculate the greatest common divisor of i and m.
18
Let q = 41 - 39. Let k be (-14)/7 - (-8 - (-2)/q). Suppose k*m = 9*m - 16. Calculate the greatest common factor of 56 and m.
4
Suppose 0 = 2*s - 3*a - 2827, 289*a = 287*a + 10. What is the highest common divisor of 49 and s?
49
Let h(s) = -2*s**2 - 9*s - 31. Let k be h(-9). Let l = -81 - k. What is the highest common divisor of 248 and l?
31
Suppose -3*j = -4*y - j + 16612, -4*j + 16648 = 4*y. What is the greatest common divisor of 4 and y?
4
Let x(c) = 21*c + 21*c - 99 + 12*c - 38*c. Let n be x(7). Calculate the greatest common factor of n and 156.
13
Let q(t) = -15*t - 56. Let r be q(-9). Let y = r - 37. Calculate the greatest common divisor of y and 210.
42
Suppose 358 = 5*n + 4*y, 0 = -3*n + 6*y - 5*y + 225. What is the highest common divisor of n and 1961?
37
Let l(z) = z + 35. Let t be l(-17). Suppose -4*r - 6 = -t. Suppose 3*h - 6*h = -d, -4*h + 39 = r*d. What is the greatest common factor of d and 3?
3
Suppose -5*v - 2*s = -s + 2, -5*s + 13 = 2*v. Let q be v*(-18)/(-12)*-8. What is the highest common factor of q and 4?
4
Let h be (-27264)/(-3976) + 1/7. Let z = -49 + 70. What is the greatest common factor of z and h?
7
Suppose 11*t - 17*t + 30 = 0. Suppose 0 = -2*n + 3*u + 29, 2*n + t*u - 34 = -n. Calculate the greatest common divisor of 247 and n.
13
Let p(m) = 430*m - 1348. Let y be p(4). Calculate the highest common divisor of 192 and y.
12
Let u = 19914 + -15849. What is the highest common factor of 15 and u?
15
Let o be 0/(143/(-13))*1/4. Suppose o = -c + 35 + 12. What is the greatest common divisor of c and 47?
47
Suppose -70*l - 5*l + 14*l = -146583. Calculate the highest common factor of l and 54.
27
Let j(y) = -2*y + 3. Let z be j(2). Let l = 11 + z. Suppose -2*r = -2*h - 0*h + 102, 5*r = h - 55. What is the highest common divisor of l and h?
10
Let b = 4722 + -3690. What is the highest common divisor of 602 and b?
86
Let w be 30/8 - (-1)/4 - (-13 - -8). Let k be 2/3 - (-7)/3. What is the highest common divisor of w and k?
3
Suppose -7248 = -28*p + 4344. Let i = -396 + p. What is the greatest common factor of i and 342?
18
Let u(b) = 1624*b - 13703. Let f be u(9). Calculate the highest common divisor of 6142 and f.
83
Let d = -78 + 170. What is the highest common divisor of d and 69?
23
Let l(s) = -s**3 - 10*s**2 + 32*s + 410. Let o be l(-10). Calculate the greatest common factor of 4482 and o.
18
Suppose 360*d - 11050 = 347*d. What is the highest common divisor of d and 442?
34
Suppose 9*p = 6*p - n + 1184, -n - 4 = 0. What is the greatest common divisor of 1485 and p?
99
Suppose 158 = -2*b + 150. Let d be 7602/54 + 6 - b/18. What is the greatest common factor of d and 3?